e prime factors of 53684681.
53684681
What are the prime factors of 326647642?
2, 163323821
List the prime factors of 1342440143.
11, 73, 1671781
List the prime factors of 124520045.
5, 13, 23, 43, 149
List the prime factors of 30296798.
2, 7, 173, 1787
List the prime factors of 87025977.
3, 811, 11923
List the prime factors of 1266463257.
3, 422154419
List the prime factors of 28566775.
5, 37, 89, 347
What are the prime factors of 34773779?
631, 55109
What are the prime factors of 135907153?
1433, 94841
What are the prime factors of 104538039?
3, 5303, 6571
List the prime factors of 53335101.
3, 17778367
List the prime factors of 22903873.
19, 1205467
What are the prime factors of 1357805470?
2, 5, 7, 17, 1141013
List the prime factors of 4831575153.
3, 31, 73, 9749
List the prime factors of 7763978802.
2, 3, 73, 17725979
What are the prime factors of 538922929?
1063, 506983
What are the prime factors of 605689778?
2, 37, 2843, 2879
What are the prime factors of 521780725?
5, 20871229
What are the prime factors of 3623848605?
3, 5, 13, 17, 23, 5281
List the prime factors of 80957124.
2, 3, 41, 47, 389
List the prime factors of 35581903.
7, 449, 11321
What are the prime factors of 246947659?
7, 83, 425039
What are the prime factors of 179653863?
3, 563, 106367
List the prime factors of 348495274.
2, 17, 67, 8999
What are the prime factors of 1603787854?
2, 17, 47170231
What are the prime factors of 120558691?
11, 37, 296213
List the prime factors of 244900077.
3, 37, 263, 8389
What are the prime factors of 120088513?
31, 53, 73091
What are the prime factors of 974146900?
2, 5, 9741469
What are the prime factors of 22384053?
3, 17, 48767
List the prime factors of 56885102.
2, 28442551
List the prime factors of 610691595.
3, 5, 17, 59, 40591
List the prime factors of 227806376.
2, 7, 4067971
List the prime factors of 906888631.
11, 82444421
What are the prime factors of 16402595?
5, 11, 61, 4889
What are the prime factors of 1572237232?
2, 19, 47, 110039
List the prime factors of 961327173.
3, 19, 16865389
What are the prime factors of 177604127?
1471, 120737
What are the prime factors of 2266339607?
7, 323762801
List the prime factors of 6704548.
2, 37, 89, 509
What are the prime factors of 1471065?
3, 5, 101, 971
List the prime factors of 377614195.
5, 7, 1741, 6197
List the prime factors of 4756049028.
2, 3, 1303, 33797
What are the prime factors of 19301402?
2, 389, 24809
List the prime factors of 27015358.
2, 71, 190249
What are the prime factors of 174058378?
2, 13, 59, 113467
List the prime factors of 92814866.
2, 17, 347, 7867
What are the prime factors of 520037284?
2, 13, 101, 99017
What are the prime factors of 80281119?
3, 26760373
List the prime factors of 781295226.
2, 3, 1381, 94291
List the prime factors of 84221610.
2, 3, 5, 11, 255217
List the prime factors of 595015498.
2, 7, 11, 3863737
List the prime factors of 6951622817.
6951622817
What are the prime factors of 1002862055?
5, 13, 487, 2437
List the prime factors of 1722610885.
5, 193, 337, 5297
List the prime factors of 2174566310.
2, 5, 7, 941, 33013
List the prime factors of 24118150.
2, 5, 7, 68909
List the prime factors of 53414417.
7, 491, 15541
What are the prime factors of 2978744008?
2, 3067, 121403
What are the prime factors of 318262125?
3, 5, 848699
What are the prime factors of 71182869?
3, 53, 8447
What are the prime factors of 266301529?
13, 20484733
List the prime factors of 738914212.
2, 167, 1106159
List the prime factors of 311922784.
2, 9747587
List the prime factors of 714364466.
2, 5683, 62851
List the prime factors of 698983492.
2, 17, 107, 5651
List the prime factors of 767354236.
2, 11, 59, 295591
List the prime factors of 1693918578.
2, 3, 11, 25665433
List the prime factors of 126759848.
2, 59, 101, 2659
List the prime factors of 567915079.
567915079
List the prime factors of 12966131.
12966131
What are the prime factors of 4839512?
2, 604939
List the prime factors of 2659469357.
2659469357
List the prime factors of 68460015.
3, 5, 13, 351077
List the prime factors of 267774585.
3, 5, 13, 73, 1447
List the prime factors of 26224937.
61, 429917
List the prime factors of 130559642.
2, 61, 139, 7699
List the prime factors of 146287481.
31, 4718951
List the prime factors of 54984713.
7, 1122137
List the prime factors of 60352669.
13, 17, 347, 787
List the prime factors of 1637096401.
31883, 51347
List the prime factors of 22150103.
22150103
What are the prime factors of 540822780?
2, 3, 5, 311, 9661
What are the prime factors of 158103915?
3, 5, 10540261
What are the prime factors of 860648311?
43, 97, 206341
List the prime factors of 111427729.
7, 547, 29101
List the prime factors of 120050491.
11, 10913681
What are the prime factors of 99838835?
5, 139, 143653
List the prime factors of 2081653385.
5, 7, 6577, 9043
What are the prime factors of 513331050?
2, 3, 5, 3422207
List the prime factors of 246474944.
2, 29, 41, 79
List the prime factors of 24987366.
2, 3, 154243
List the prime factors of 1114985832.
2, 3, 127, 365809
List the prime factors of 65919625.
5, 17, 67, 463
What are the prime factors of 118054895?
5, 7, 71, 47507
What are the prime factors of 93157535?
5, 17, 41, 26731
What are the prime factors of 5374469894?
2, 2687234947
List the prime factors of 54242719.
3559, 15241
List the prime factors of 4353546715.
5, 7, 124387049
List the prime factors of 49050449.
7, 163, 42989
List the prime factors of 89120990.
2, 5, 7, 1273157
List the prime factors of 76132514.
2, 61, 624037
What are the prime factors of 408924972?
2, 3, 11359027
What are the prime factors of 314910975?
3, 5, 17, 61, 4049
List the prime factors of 1194517644.
2, 3, 99543137
List the prime factors of 48774991.
37, 277, 4759
List the prime factors of 78727105.
5, 563, 27967
What are the prime factors of 52166429?
7, 229, 4649
List the prime factors of 1134485457.
3, 7, 41, 739, 1783
What are the prime factors of 389943439?
389943439
What are the prime factors of 383838247?
13, 19, 59, 26339
List the prime factors of 616272604.
2, 3709, 41539
List the prime factors of 142204440.
2, 3, 5, 7, 31, 43, 127
List the prime factors of 2319810701.
13, 17, 383, 27407
List the prime factors of 858408075.
3, 5, 7, 79, 6899
What are the prime factors of 534421434?
2, 3, 953, 93463
What are the prime factors of 119642?
2, 163, 367
What are the prime factors of 472005011?
19, 23, 151, 311
What are the prime factors of 1642992780?
2, 3, 5, 11, 13, 191491
List the prime factors of 97678938.
2, 3, 7, 2325689
What are the prime factors of 6723663736?
2, 840457967
What are the prime factors of 4384128418?
2, 29, 367, 205963
What are the prime factors of 1713484555?
5, 173, 1980907
What are the prime factors of 2305669?
19, 121351
List the prime factors of 44480957.
19, 2341103
List the prime factors of 1440213222.
2, 3, 7, 431, 79561
What are the prime factors of 49074079?
197, 249107
List the prime factors of 14632055.
5, 2926411
What are the prime factors of 1118827632?
2, 3, 13, 1009, 1777
What are the prime factors of 106510599?
3, 13, 19, 15971
List the prime factors of 1282030758.
2, 3, 17, 4189643
List the prime factors of 84452471.
113, 523, 1429
List the prime factors of 47866395.
3, 5, 61, 52313
List the prime factors of 4417179798.
2, 3, 149, 359, 13763
List the prime factors of 6762189456.
2, 3, 11, 1151, 3709
List the prime factors of 17547306.
2, 3, 7, 417793
List the prime factors of 205061947.
127, 1614661
What are the prime factors of 9026066?
2, 7, 79, 8161
What are the prime factors of 4940511560?
2, 5, 123512789
What are the prime factors of 201047354?
2, 41, 2451797
What are the prime factors of 525123891?
3, 6483011
What are the prime factors of 66107967?
3, 22035989
List the prime factors of 54220504.
2, 13, 149, 3499
List the prime factors of 2795581804.
2, 698895451
What are the prime factors of 294522775?
5, 37, 318403
What are the prime factors of 2456749601?
9133, 268997
What are the prime factors of 102098881?
83, 1230107
List the prime factors of 18198232.
2, 13, 233, 751
List the prime factors of 210628649.
7, 11, 2735437
List the prime factors of 338296371.
3, 7, 41, 392911
What are the prime factors of 1584898199?
67, 23655197
What are the prime facto